 - -4 - 0) a composite number?
False
Is -9 + 5 + 11 - -5292 prime?
False
Suppose 3*t - 35 = -2*t - 5*q, -t - 23 = -5*q. Suppose -2*n - t = -4. Is 3/1 + 50/n prime?
True
Let j(a) = -28*a**2 + a + 1. Suppose 0 = 2*s - 10 + 12. Let m be j(s). Let r = 47 + m. Is r a composite number?
False
Let h(p) = -p**2 - p + 1754. Let j = 101 + -101. Is h(j) a composite number?
True
Let s(d) = 5*d**3 - 8*d**2 + d - 1. Let n be s(-6). Let r = 460 - n. Is r composite?
True
Let n(y) = 2*y - 35. Let r be n(20). Suppose 3*b - b = 10. Suppose -7*p + b = -2*p, -2*p = -r*w + 923. Is w a prime number?
False
Let b(c) = c**2 + 12. Let z(y) = 2*y**2 - y + 13. Let a(i) = -5*b(i) + 4*z(i). Is a(-19) prime?
True
Let n = 445 + -26. Is n prime?
True
Let r = 19 + -5. Let p be 0 + -1 - 1 - -65. Let i = r + p. Is i a composite number?
True
Let a = -7877 + 14134. Is a a prime number?
True
Let x = 27915 + -7262. Is x a prime number?
False
Suppose 0 = 6*h - 9952 - 45626. Is h composite?
True
Suppose 0 = 4*v - v - 15. Suppose -v*j + 1780 = -0*j. Suppose -5*a - 4*x + 1691 = 0, -a = 3*x - j + 9. Is a composite?
True
Let w = 2937 - 1576. Is w a composite number?
False
Let g(z) = -422*z**2 - 3. Let q be g(-2). Let h = q - -2877. Suppose h = 3*l + 67. Is l composite?
False
Suppose -17550 = 5*n + 3*j - 54166, -5*n + 36634 = -3*j. Suppose -n = -5*s - 0*s. Is s a composite number?
True
Let y(u) = -u**2 + 4*u - 9. Let p be y(5). Let o be (-15)/(-60) - p/8. Suppose 0 = -m + o*m - 1759. Is m a prime number?
True
Suppose -267 = -3*o - 3*i, o - 3*i - 89 = -6*i. Is o composite?
False
Suppose -5*b + 2 = -8. Is -19 + 762 + (-2 - -1*b) a composite number?
False
Let g be (-2)/(-20) + (-549)/90. Let t be (-68)/(-3)*(-63)/g. Suppose -c + t = c. Is c a prime number?
False
Suppose 4*j + 2*f = -24, -5*f = 2*j + 2*j + 12. Is j/12 - (-465)/9 composite?
True
Let d = 10 + -9. Let r be d/((-3)/6*-2). Is (6 - 803)/(r*-1) prime?
True
Suppose 5*v + 0*n = 3*n + 15, 0 = -2*v + 3*n + 6. Suppose v*o - o = 0. Suppose -5*q = 4*k - 472, o = 4*k + q - 101 - 371. Is k a prime number?
False
Let a(k) = 175*k - 557. Is a(6) a prime number?
False
Let s = -88 + 95. Suppose 0 = -3*q, -s*q - 11139 = -3*x - 8*q. Is x prime?
False
Suppose 0 = 4*k + m - 32614, -3*k = 2*k + 3*m - 40771. Is k prime?
False
Suppose -2*u = -0*u. Suppose -2*j + 6*j - 3260 = u. Is j composite?
True
Suppose 35 + 49 = -4*a. Is (-4 - a/6)*-178 prime?
True
Suppose -34 + 14 = -5*j. Suppose -j*i = -835 - 3337. Is i a prime number?
False
Let q(r) = -168*r + 1. Let t = 18 - 25. Is q(t) composite?
True
Suppose -2*c = -5*k - 0*c + 67, -4*k + 2*c + 52 = 0. Suppose -5*l - 4404 = -11*l. Suppose -k + l = o. Is o a prime number?
True
Let q = 25485 - 12986. Is q prime?
False
Let z(m) = m**3 - 5*m**2 - 10*m + 25. Is z(7) a prime number?
True
Let u = -11624 - -21601. Is u a composite number?
True
Let c(b) = 51*b + 35. Is c(26) composite?
False
Let y(l) = 4*l**3 - 3*l**2 + 27*l + 79. Is y(18) a prime number?
True
Suppose -584 = -6*i + 4*i. Suppose 5*w = 4*y + 963, 3*w = -y + 279 + i. Is w a composite number?
False
Let i(g) = -7*g**3 + 33*g**2 + 23*g + 40. Let o(v) = -11*v**3 + 50*v**2 + 35*v + 60. Let k(j) = 8*i(j) - 5*o(j). Suppose 0*y - 28 = -2*y. Is k(y) prime?
False
Let l(o) = 2293*o - 3. Is l(2) a composite number?
False
Suppose 4*q = 2*i - 0 - 18, 5*q - 2*i = -25. Let u(a) = -100*a - 17. Is u(q) prime?
True
Let k be ((-16)/36)/2 - 4172/18. Let m = k + 377. Is m composite?
True
Suppose -64297 = -g - 4*p, -3*g + 2*p = -16497 - 176436. Is g a composite number?
True
Suppose 5*c - 5*w - 35 = 0, -5*c + c = -5*w - 31. Suppose -4732 = -c*t + 13512. Is t a composite number?
False
Let i = -32 + 28. Is (-2)/(i - -2)*1043 prime?
False
Let w = -47 + 52. Suppose u - w*b = 3343 - 115, 0 = -u + 2*b + 3213. Is u a composite number?
False
Suppose 0 = -a + 6 + 4. Let d = 273 - a. Is d a prime number?
True
Suppose 304*j - 307*j + 121588 = 5*p, 0 = 5*p + 4*j - 121589. Is p composite?
False
Let w = 12 + -7. Suppose -w*a = -9*a - 8. Let o(c) = -3*c**3 - c**2 - 2*c - 1. Is o(a) prime?
True
Is -7 + 677 + -2 + (1 - 2) prime?
False
Let n(w) = 42*w + 17. Let o(j) = -j**3 + 11*j**2 + 13*j - 13. Let z be o(12). Let y(v) = 13*v**2 + 3*v + 2. Let m be y(z). Is n(m) prime?
True
Suppose 5*b - 167917 = 133848. Is b prime?
True
Let a(v) be the third derivative of -v**5/30 - 3*v**4/8 - v**3/6 - 6*v**2. Let s be a(-4). Suppose 2*i - 411 = -5*o - 0*i, s*o - 255 = 3*i. Is o a prime number?
True
Let s(k) be the second derivative of -k**4/12 + k**3/2 + 1623*k**2/2 + k. Is s(0) a composite number?
True
Let r(b) = -b**2 - 19*b - 7. Suppose 3*n + 2*v + 49 = -2*v, -2*n - 26 = -4*v. Let d be r(n). Let x = d + 2. Is x a prime number?
False
Suppose 0*a = 3*a - 15. Suppose -13 - 2 = -a*l. Suppose l*c - 146 = -x, -x = 4*x - 2*c - 645. Is x a prime number?
True
Suppose 0 = 14*k - 17*k + 15. Suppose 5*u - 2*q - q = 4, 2*u - k*q = -6. Is (-4)/((-8)/37)*u prime?
True
Let n(p) = 2*p**3 - 62*p**2 - 5*p - 27. Is n(32) prime?
True
Suppose h - 295 = -4*h. Let d = -27 + h. Suppose 3*x = w - 139, -270 + d = -2*w - 4*x. Is w a composite number?
False
Suppose 5*z - 7*h + 2*h = -11315, 0 = 5*z - 4*h + 11316. Is z/(-4) - -2 - 3 a composite number?
True
Let g(c) = -4*c - 36. Let l be g(-8). Is (3147/(-6))/(-2 + (-6)/l) composite?
False
Let l(o) = o**2 - 21*o + 24. Let u be l(20). Suppose 185 = 4*f + u*b + 49, -4*f + 138 = 2*b. Is f composite?
True
Suppose 5*c + 3 = -g, 4*g - c - 12 = 18. Let r be (-21)/(-49) + 1733/g. Let x = -151 + r. Is x a composite number?
False
Let a = 41 - 79. Is a*(-1)/((-10)/(-55)) a prime number?
False
Let q(y) = 24 - 40 + 47*y + 18. Is q(11) prime?
False
Suppose -344226 = 25*q - 1945051. Is q composite?
False
Let p(f) = -11*f**2 + 8*f + 52. Let d be p(13). Let m = -730 - d. Is m prime?
False
Suppose f + 6 = 5*v, 3*v = -5*f + 7*v + 12. Suppose 0*b = -b - f*a + 1217, b - 1213 = -3*a. Is b a composite number?
False
Let d = 124 - 560. Suppose 2*o - 5*g + 2702 = 5*o, 1833 = 2*o - 3*g. Let a = d + o. Is a a prime number?
False
Suppose 3*z - 3*a = -6, 4*z = 3*a + 1 - 6. Let u = z - -3. Suppose v = u*v - 75. Is v prime?
False
Let d(r) be the first derivative of -r**5/120 + 53*r**4/24 + r**3/3 - 5. Let h(n) be the third derivative of d(n). Is h(0) composite?
False
Suppose -p = -3*w + 10987, -3*w + 5043 = -4*p - 5956. Is w a composite number?
True
Suppose 87*p = 80*p + 29883. Is p a composite number?
True
Let w be (-53)/(-2)*3*340/15. Suppose -2*z = 4*f - w, 3*z + 889 = -0*f + 2*f. Is f composite?
False
Let c(m) = -3*m**3 - 9*m**2 - 15*m - 2. Let h(y) be the first derivative of y**4/4 - y + 8. Let d(g) = c(g) + 4*h(g). Is d(11) prime?
True
Suppose -j - 6 = -3*j, 5*j = -5*l + 19960. Is l a composite number?
False
Let l(a) = 2206*a**2 + 37*a - 3. Is l(-2) prime?
True
Let f be (-664)/(-2)*(2 + 0). Suppose 9*v + 8 = 11*v. Suppose f + 612 = v*g. Is g prime?
False
Suppose 3*m + 3 - 18 = 0. Suppose 0 = -m*i + 1353 + 172. Is i prime?
False
Let v(f) = -f**3 - 2*f**2 - 3*f - 5. Let c be v(4). Suppose -5*u + 49 = -21. Let p = u - c. Is p a prime number?
True
Let q = 1 - -4. Let v = 7 - q. Suppose -4*a - 5*j + 797 = 0, 4*a + v*j - j = 809. Is a composite?
True
Let n(h) = -4*h**3 + 12*h**2 - 14*h - 21. Let p(q) = -q**3 - q**2 + q - 1. Let g(i) = n(i) - 5*p(i). Is g(-17) prime?
True
Let z(f) = -f**3 + 2*f**2 + 10*f + 15. Let p be z(-11). Suppose 749 = h + 5*u, 2*h - p = -0*h - 5*u. Suppose h = 3*r - 60. Is r a composite number?
False
Let l = -166 + 38663. Is l composite?
True
Let g = 764 - -2129. Is g composite?
True
Let m be 491/(-2)*(1 - 3). Suppose 0 = -5*f + y + 1533, y + 182 - m = -f. Is f a composite number?
False
Is ((-3)/(-3))/((-7461)/(-3729) - 2) prime?
False
Suppose 5*d + 4220 = -0*y - 5*y, 4*y - 1664 = 2*d. Let n = 1255 + d. Is n composite?
True
Suppose 60*o - 124156 = -4*z + 56*o, -5*o = 3*z - 93117. Is z composite?
False
Is 2/5 - (-4)/((-120)/(-179118)) a prime number?
False
Let d(z) = 312*z - 191. Is d(7) composite?
False
Let v(r) = 13*r**2 - r + 1. Suppose 0 = u + 3*u. Suppose -l - 4*b - 22 = 0, 4*l - 4*b + 0*b - 12 = u. Is v(l) a prime number?
False
Let m(l) = -l**3 - 36*l**2 + 66*l + 19. Is m(-44) a composite number?
True
Let x be (-1)/(-2) + 654/12. Is (-10)/x - 4/44*-17151 a prime number?
True
Let z(a) = -3